 -35*u + 40*u - 5*t - 2900380, 0 = u - 4*t - 580067. Is u prime?
True
Let p(b) = 91*b + 88 + 50*b**2 + 88*b - 4*b**2 - 186*b. Is p(13) a prime number?
False
Is 17/6*441574 + (-92)/(-138) a composite number?
True
Let m(c) = c**3 - c**2 - 2. Let l(o) = 644*o**3 + o**2 - 10. Let s(i) = l(i) - 3*m(i). Is s(3) a composite number?
True
Let l(x) = -236*x**2 + 5*x - 6. Let i be l(-6). Let d be 3 + 0 + -14 - -17430. Let w = d + i. Is w prime?
True
Suppose 0 = r - 28 - 4. Suppose r = 5*y - 0*y - 4*x, 0 = y - 3*x - 2. Is ((-6)/9)/(y/(-5028)) composite?
False
Suppose 5*d = -75193 - 17967. Let j = 33819 + d. Is j a composite number?
False
Let b = -35679 + 60428. Is b prime?
True
Let t be 0 + 3 + (-136)/(-4). Is (t - 35) + 4235 + 0 prime?
False
Let r = 37233 + -14762. Is r a prime number?
False
Let j(n) be the first derivative of 37*n**4/2 - n**3/3 - n**2/2 - 8*n - 13. Let h be j(4). Suppose 0 = -l - 3*l + h. Is l a composite number?
True
Is (-818726)/(-2) - (-20 + 16)/(4/6) composite?
False
Let v(p) = 48*p - 20. Let i(q) = 90*q - 46. Let a(r) = -89*r + 47. Let b(g) = -5*a(g) - 6*i(g). Let w(l) = -3*b(l) - 5*v(l). Is w(8) composite?
False
Suppose 0*w = 5*w - 5*j + 3390, -2736 = 4*w + 2*j. Suppose -3*z = -2*z + 275. Let q = z - w. Is q composite?
True
Let b(z) = 2228*z**3 - 11*z**2 + z + 13. Is b(3) a composite number?
True
Is (4/(-8) + 0)*(-59833 - 1) a prime number?
True
Let x be 495/(-33)*2/(-6). Suppose -5*h - 3*s = -182 - 402, 0 = h + x*s - 130. Is h a prime number?
False
Let v = -107 - -107. Let j be 0*(-2)/(v + 4). Suppose j = 2*p - 2*g - 758, p + 3*g - 379 = 7*g. Is p prime?
True
Let o = 27 + -7. Suppose o*t - 17*t + 3 = 0. Is (-1 - -923) + t + 0 a composite number?
True
Let o = 243 + -235. Suppose -16*z = -o*z - 20024. Is z a composite number?
False
Suppose 0 = -16*l + 2833029 + 1973323. Is l prime?
True
Let u = 18652 - 5352. Let r = u + -7791. Is r prime?
False
Let p be (1 - 3 - -3)/(5/25). Suppose p*z + 2*d = 41687, 0 = -5*z + 3*z - d + 16674. Is z prime?
False
Suppose 209073 = 3*c + f + 44865, 6*c - f = 328425. Is c composite?
True
Let d(x) = 85*x - 3. Let g be d(5). Let r = -147 + 411. Let h = g - r. Is h a prime number?
False
Suppose 5*l = 2*h + 31, -2*h = 2*l + l - 25. Let n(x) = 96 + l*x + 106 + 69 + 136. Is n(0) a composite number?
True
Suppose 35*m - 243765 = 40400. Let i = -2054 + m. Is i a prime number?
False
Let y(s) = -15*s**2 + 22*s**2 - 9*s**2 + 12 - 10*s - 2*s. Let a be y(-6). Is a/(-66) + 111447/33 composite?
True
Suppose 360*c - 200*c = 199*c - 3829839. Is c a prime number?
False
Suppose -9*i = 4*c - 6*i - 435758, 5*i = 30. Is c a prime number?
False
Let q be 4 - (4 - 5) - -85. Let x = 1605 - q. Let k = -952 + x. Is k prime?
True
Let j = 589591 - 327972. Is j composite?
False
Let o(f) = f**2 + 6*f + 2. Let v be 0 + 1/((-4)/(-40)). Suppose 0*b - 2*b = -v. Is o(b) composite?
True
Let w = 22416 - 5417. Is w prime?
False
Let q = -80 + 43. Let x = q - -43. Suppose y - 6209 = -x*y. Is y prime?
True
Let s be 31 + (-1 - (-5)/1). Let o = s + -35. Suppose 0*p - 3*p + 4083 = o. Is p a prime number?
True
Let o(r) = 302 - 4*r - 298 + 9*r + 106*r**2. Let s be o(-3). Let i = -270 + s. Is i a prime number?
True
Suppose 0 = -3*o + 6 + 3. Suppose o*f - 2*g = -4*g + 2049, 5*f - 3420 = -5*g. Let i = f + -374. Is i composite?
False
Let f = -1642509 + 2805142. Is f composite?
True
Suppose -4 = -4*z, -15 = -4*k - 0*k + 5*z. Suppose -2*v + 50 = 3*v + 5*c, -k*v = 4*c - 45. Suppose 3*i + 2*q = 2921, -4*q = -v*i + i + 3928. Is i composite?
False
Let r = 335 - 319. Suppose -r*c + 192428 = -8580. Is c a prime number?
False
Suppose 4*f - 268227 = -5*q, -400459 = -5*q - 5*f - 132229. Is q composite?
True
Let z be (8 - 0)*(-2)/4. Let s(f) = -f**2 + f + 11. Let p be s(z). Is ((-6 - -3)*(-654)/p)/(-2) a prime number?
True
Let y(g) = 435*g**2 - 30*g - 403. Is y(-16) a prime number?
False
Let d(i) = 43*i**2 + 14*i + 124. Is d(25) prime?
False
Let l be (-4)/(-10)*(-470)/(-8)*-12. Is -1*(l - -4) - 0/(-3) composite?
True
Let r = -70 + 69. Let k be (27/(-36))/(((-3)/(-8))/r). Is 2/(k/47)*(13 + -12) a composite number?
False
Let q(z) = -4*z**3 - 231*z**2 - 200*z - 112. Is q(-97) a prime number?
False
Let t = -424 + 154. Let m = t - -449. Is m prime?
True
Suppose -92 = -42*u + 286. Is (27816 + -1)*u/45 a composite number?
False
Let q(s) = 10425*s**2 - 13*s + 6. Is q(1) composite?
True
Suppose 14855314 = 203*z - 179805649. Is z a prime number?
True
Let h = 411 - -6244. Suppose -5*d + h + 3490 = 0. Is d a composite number?
False
Suppose 732620 = 5*y - 5*x, -5*x = -2*y + 30501 + 262562. Is y a composite number?
False
Suppose -822*r + 155584 = -818*r - 2*u, 2*u + 38893 = r. Is r a composite number?
True
Suppose 13*l = 8*l + 9790. Suppose 12*v - l = 1522. Suppose -f - f + v = 0. Is f a composite number?
True
Suppose 30*i - 36*i - 296728 = -2*t, -4*i = 20. Is t a composite number?
True
Let t = -79921 - -118118. Is t prime?
True
Let b = -54 - -59. Suppose 2*s = -b*k + 7 + 11, 2*s = -4*k + 14. Is ((-2)/k)/(2/(-808)) a prime number?
False
Let d(q) = 3*q**3 - 320*q**2 - 829*q - 771. Is d(164) prime?
False
Let v(b) = 5*b + 157. Let n be v(-31). Suppose -5*o + 4210 = n*y, 4*y = 2*o - 0*y - 1684. Is o composite?
True
Let w(f) = -f + 22. Let j be 6/4 - 90/(-12). Let d be w(j). Let m(t) = 6*t**2 - 2*t - 29. Is m(d) prime?
False
Let d be 179123/(-2)*400/(-700). Let y = 53623 + d. Is y prime?
True
Is (-8)/(-112)*7*6706 a composite number?
True
Let n be 5*(7 + -6 + 1). Suppose -n*d + 33*d = 342907. Is d a composite number?
True
Is 7/56*-246572*-2 prime?
True
Suppose m = -3*s - m + 8, 2*s - 9 = -5*m. Suppose 0 = 2*o + 3*o. Suppose 0 = 4*c - s*z - 6226, 5*z + 7770 = 5*c - o*z. Is c prime?
True
Suppose 0 = -23*h + 354838 + 1589835. Is h prime?
True
Suppose -15161060 - 11133446 = -218*v. Is v prime?
False
Let p = 48 + -40. Suppose 6*y - p = 2*y + c, 4*y = 3*c. Suppose q + 3*w = -0*q + 1762, 3509 = 2*q + y*w. Is q prime?
True
Suppose -2*w = 2 - 10. Suppose 161 = -4*n + 7*n + w*q, -4*n = 4*q - 216. Suppose 334 = 3*u + n. Is u composite?
True
Let p(t) = -255*t - 54. Let f be p(-6). Let c = f + -725. Is c a prime number?
True
Let m(s) = -354*s + 31. Let n(d) = -710*d + 63. Let p(u) = 5*m(u) - 2*n(u). Is p(-3) a prime number?
False
Suppose 12*u = 161*u + 49746931 - 124326050. Is u a composite number?
True
Let l(h) = 6*h**2 + 92*h + 35. Let v be l(-15). Suppose 2*x = -3*s + 73886, -4*s + v*s = -4*x + 147792. Is x prime?
False
Let z(l) be the second derivative of -193*l**3/3 + 13*l**2 + 48*l. Is z(-6) prime?
False
Suppose -328*b = -44*b - 13*b - 105297863. Is b a composite number?
True
Let z(c) = c - 7. Let m be z(3). Is 23 + 3932 - (m + 2) prime?
False
Suppose 4*s = -h + 297039, -3*h - 5*s = -7*h + 1188261. Is h a composite number?
True
Let n(r) = -r + 40. Let q be n(16). Let y = q - 21. Suppose 5*u + v = 3*v + 2717, -y*v - 1623 = -3*u. Is u a composite number?
True
Is (1 + 10/(-18))/(27 - 2740952962/101516778) a prime number?
False
Let z(m) = 5*m**3 - 8*m**2 + 8*m + 17. Let r be z(8). Suppose 714 = o - 5*q, -3*o + 26*q + r = 24*q. Is o prime?
True
Let g(x) = -5*x**2 + 11*x - 15. Let v(t) = -4*t**2 + 11*t - 14. Let n(z) = -5*g(z) + 6*v(z). Is n(15) prime?
False
Let f(b) = 20*b + 8498 + b**2 + 29*b - 45*b - 2761. Is f(0) prime?
True
Let m be 0 - (-16)/(-4)*-1 - -1. Suppose -f + 12 = -3*v, m*f - 16 = 4*v - 0*v. Is 0 - 23/(2/(-34) + f) prime?
False
Suppose x - 3*c - 557366 = 0, -5*x - c + 751672 + 2035302 = 0. Is x a prime number?
False
Let k(h) = h**3. Let i be k(0). Let c be 4 - (-2 + 12 + i). Let v(j) = -j**3 - 3*j**2 + 4*j - 7. Is v(c) a composite number?
True
Let k = 116753 - -11994. Is k a prime number?
True
Is -292 - -2783 - (16/(-3) - 4/6) a prime number?
False
Let g(z) = -2755*z**3 + 5*z**2 - 5*z - 2. Let q(y) = -1 - 6*y + 11*y**2 - 10*y**2 + y**3 + 5*y. Let h(t) = -g(t) + 3*q(t). Is h(1) a prime number?
False
Let o = -9 - -125. Suppose -9*h + 5*h = -o. Suppose c = 30 + h. Is c a composite number?
False
Suppose -12*o = -7*o - 26405. Let w = o - 2784. Is w a composite number?
True
Suppose -4*o = -2*k + 73766, 361*k - 365*k + 4*o + 147544 = 0. Is k composite?
True
Let q(b) = 3*b + 71. Let d be q(-27). Is (-226330)/(-25) - ((-32)/d - 3) a composite number?
True
Let v(h) = -3123*h**3 - 7*h**2 